factors of w(d).
3
Let z be (32/(-24))/((-2)/12). Suppose 0 = -h - 3*q + 12, 2*h + q = -2*q + 12. Suppose h = f - z + 3. What are the prime factors of f?
5
Let p(z) = -13*z**3 - z**2 - z - 1. Let g(m) = -m**3 + 5*m**2 - 5*m + 4. Let b be g(4). Let w = b + -1. What are the prime factors of p(w)?
2, 3
Suppose 0 = 4*m + 2 - 10. Let l(s) = 5 + s + 0*s - m. What are the prime factors of l(5)?
2
Suppose -f + 3 = -0. Suppose -f*z + z - 4*l - 34 = 0, 11 = -z + 4*l. Let i = z - -25. List the prime factors of i.
2, 5
What are the prime factors of (2/(-4))/(2/(-8)) - -13?
3, 5
Let x be (1 + 19)*9/12. Suppose f = p - x, -f - 9 = 2*f. What are the prime factors of p?
2, 3
Let o = -10 + 20. Let r = o - 16. Let q(y) = -y**2 - 6*y + 8. List the prime factors of q(r).
2
Let z(p) = -2*p. Let b(s) = s**3 - 3*s**2 - 4*s - 2. Let y be b(4). What are the prime factors of z(y)?
2
Let v(s) = 2*s + 14. List the prime factors of v(12).
2, 19
Suppose 0 = -m + 12 + 12. Suppose p = -p + m. Let n = p - 2. What are the prime factors of n?
2, 5
What are the prime factors of 3/(-2) + (-406)/(-28)?
13
Let p(h) be the third derivative of 7*h**4/24 - 3*h**2. What are the prime factors of p(2)?
2, 7
Let s = 123 + -71. List the prime factors of s.
2, 13
Suppose -3*r = -0*r + 15. Let a = r + 5. Suppose a = 4*g - 0*g - 3*k - 55, -5*g + 2*k = -67. What are the prime factors of g?
13
Let o(a) = 19*a**2 + 3*a - 1. Let b be o(-3). Suppose 4 = 4*u, 4*i - 40 = u - b. What are the prime factors of ((-8)/(-5) + -2)*i?
2, 3
Let c = 84 - 11. What are the prime factors of c?
73
Let l(r) = -r**2 - 4*r - 6. Let w be l(-6). Let n = w - -12. Let p(j) = j**2 + 3*j - 8. List the prime factors of p(n).
2, 5
Let f = 10 + -4. Let y = 13 + f. Suppose -2*n - 5*w = 3 - 11, -n + 5*w + y = 0. What are the prime factors of n?
3
Let p = 61 - 36. What are the prime factors of p?
5
What are the prime factors of (-406)/(-8) + (-2)/(-8)?
3, 17
Let a = 36 - 17. Let o be (7 - 1) + (2 - 3). Suppose -2*j - 5*s + 20 = -8, -j = o*s - a. List the prime factors of j.
3
Let p be 7/35 + 9/5. Suppose 2*s = -4*w + 34, w = p*s - 1 - 3. List the prime factors of w.
2, 3
Let v(x) be the third derivative of x**6/120 + x**5/30 - x**4/8 + 2*x**3/3 - 2*x**2. Let m be (2 - 0)*6/(-4). What are the prime factors of v(m)?
2
Let m = 0 + 27. List the prime factors of m.
3
Let d be (4 + -3)*(0 + -3). Let z = 6 + d. List the prime factors of z.
3
Suppose 0 = 5*n + 5*x - 30 - 15, -n - 16 = -4*x. Suppose -32 = 4*d + n*m, -d + 5*m + 1 + 3 = 0. Let i = d + 9. What are the prime factors of i?
3
Let r = 36 + 12. What are the prime factors of r?
2, 3
Suppose 0*u - b = -5*u + 88, -2*u + 46 = -4*b. List the prime factors of u.
17
Suppose 2*z - 1 = 5. List the prime factors of (30/9)/(1/z).
2, 5
Suppose -3*u = -515 - 100. What are the prime factors of u?
5, 41
Let s(y) = -2*y**2 + 20*y - 5. What are the prime factors of s(7)?
37
Suppose -l = -2*o + 3*o + 24, 3*o = 5*l - 104. Let d = -17 - o. What are the prime factors of d?
11
Let a be 0 + 0/(-1 - -3). Suppose a = -2*c + 2*v + 2, 0 = -c - 0*c - v + 3. What are the prime factors of 552/54 + c/(-9)?
2, 5
Let k(h) = 76*h**2 - 1. Let r be k(-1). Suppose 0*b + b - r = -2*a, -2*a + 4*b + 60 = 0. List the prime factors of a.
2, 3
Let m(c) be the second derivative of c**5/20 + c**4/6 - c**3/6 + c**2/2 - c. Let k be m(-2). Let g = k + 15. List the prime factors of g.
2, 3
Suppose -3*m = -5*m + 10. Suppose 5*o - 38 = -3*q - 3, m*o + 5*q = 35. What are the prime factors of o?
7
Let k(r) = 2*r - 7. What are the prime factors of k(5)?
3
Let b(y) = -4*y + 1. Let r be 12/15*5*1. Let z be (-5)/r + 1/4. What are the prime factors of b(z)?
5
Let r(c) = c. Let x be r(3). Let u(v) = 10*v. Let y be u(2). Suppose l = -x*l + y. List the prime factors of l.
5
Suppose -2*i = 4*i - 198. What are the prime factors of i?
3, 11
Let n be ((-3)/(-2))/(3/24). Suppose -5*p - 2*v = 8, 4*v - 2*v - n = 5*p. List the prime factors of 3 + (11 - p/(-1)).
2, 3
Suppose -3*c - 3 = -0. Let k = -1 + c. What are the prime factors of (-15)/k + (-2)/4?
7
Suppose 7*b - 128 = 3*b. Let o be 2/2*b + 1. Suppose o = -2*c + 5*c. What are the prime factors of c?
11
Let c(i) be the third derivative of -i**5/60 - 3*i**4/8 + 13*i**3/6 - 4*i**2. What are the prime factors of c(-7)?
3
Let z be (20/6)/(4/6). Let s(a) = a**2 - a + 3. Let p be s(0). Suppose -z*y - k + 12 = 0, -5*y - p*k + 7 = 1. What are the prime factors of y?
3
Suppose -6*z + 3*z = -3. Let h be 6*z/2 + 1. Suppose 5*l - 4*b - 52 = 0, 4*b + 50 = h*l + 10. What are the prime factors of l?
2, 3
What are the prime factors of ((-8)/((-96)/45))/((-1)/(-92))?
3, 5, 23
Let f(m) = m**3 + 2*m**2 - 2*m + 1. Let w(k) = -2*k + 4. Let i be w(6). Let z = -6 - i. What are the prime factors of f(z)?
13
Let j(k) = -2*k + 1. Let u(v) = -8*v + 5. Let a(x) = 9*j(x) - 2*u(x). Let y be a(-2). Suppose 2 = n - 4*r - 14, -y*n + 38 = -2*r. List the prime factors of n.
2, 3
Suppose -21 = -2*r + 41. Suppose 3 = 2*t + 4*y - r, 0 = 2*t + 5*y - 29. List the prime factors of t.
3
Let v(n) = -5*n - 8. Let p be v(-4). Let j = 27 - p. What are the prime factors of j?
3, 5
Let i(x) = -x + 13. Let f be i(10). Suppose -5*h - 11 = -2*k, f*k + 5*h - 47 = 32. What are the prime factors of k?
2, 3
Let l(o) = -o**3 - 3*o**2 - 12*o - 11 - 5*o**2 - 4*o**2 + 3*o**2. List the prime factors of l(-8).
3, 7
Let i(a) be the first derivative of a**3/3 + 2*a**2 - 6*a - 1. What are the prime factors of i(4)?
2, 13
What are the prime factors of (-174)/(-9)*15/2?
5, 29
Let h = 84 + -59. List the prime factors of h.
5
Let p(b) = b**3 + b + 4. Let u be p(0). Suppose x + 51 = u*x. What are the prime factors of 5 + -4 + -2 + x?
2
Let x(t) = -t**2 - 7*t + 4. List the prime factors of x(-3).
2
Let h = -69 + 105. List the prime factors of h.
2, 3
Let s(p) = -p**3 - 7*p**2 - 8*p - 6. What are the prime factors of s(-6)?
2, 3
Suppose 3*n = -2*d + 26, -5*n - 77 = -0*d - 3*d. Let t = d - 1. List the prime factors of t.
2, 3
Suppose -p + 4*x = -6*p - 3, -18 = p - 5*x. Let v(d) = -5*d + 3. Let m be v(p). List the prime factors of 1/(2 - 34/m).
3
Let j = -17 - -5. Let t = j - -8. What are the prime factors of (-26)/3*6/t?
13
Suppose -7*g + 15 = -6*g. List the prime factors of g.
3, 5
Let f = 9 - -1. Suppose 9*o - f*o + 28 = 0. What are the prime factors of o?
2, 7
Let d = 5 - 14. Let j(t) = -t**3 - 2*t**2 + 2*t - 2. Let o be j(-3). List the prime factors of 2*(d/(-6))/o.
3
Let s(k) = k**3 + 5*k**2 - k. Let m be s(-5). Let q = 9 - m. List the prime factors of q.
2
Let t = 19 + -12. List the prime factors of t.
7
List the prime factors of (-85)/(-3) - (-36)/(-27).
3
Suppose 3*m - 66 = 4*q, m - 4*q + 142 = 6*m. What are the prime factors of m?
2, 13
Suppose -57 = -h + 3*i, -5*h + 270 - 57 = 3*i. What are the prime factors of h?
3, 5
Let g(z) = -z**3 + 5*z**2 + 9*z - 1. Let t = 10 - 4. What are the prime factors of g(t)?
17
Let w(y) = y**2 - 5. What are the prime factors of w(5)?
2, 5
Suppose 4 = -r + 5*r. Let n(o) = 3*o**3 + o**2 - 1. List the prime factors of n(r).
3
Let t(l) be the third derivative of l**6/120 + l**5/20 + l**3/3 + 44*l**2. Suppose 0*y - 3 = y. What are the prime factors of t(y)?
2
Let k be (-14)/(-6) - 4/(-6). Let l(b) = b**3 - 4*b**2 + 4*b. Let a be l(k). Suppose 0 = a*d - 9. What are the prime factors of d?
3
Let o(u) = u**3 - 2*u**2 + 3*u - 1. Let h be o(2). Suppose 4*l + 2*y = 26, y - h = -0*y. Let k(w) = w**3 - 3*w**2 + 1. What are the prime factors of k(l)?
17
Suppose 563 = 4*q - 313. What are the prime factors of q?
3, 73
Suppose 2*p - 11 = -3. What are the prime factors of p?
2
Suppose 0 = 10*a - 8*a - 20. Suppose -a = r - 2*r. List the prime factors of r.
2, 5
Suppose 4*j + 2 = -2*f, 4*f - 3*j - 46 - 5 = 0. Let c(d) = d**3 - 10*d**2 + 9*d + 11. What are the prime factors of c(f)?
11
Let a(u) = 3*u - 6. Let t be a(6). List the prime factors of 1*(-2 + 1) + t.
11
Let l = -28 - -47. What are the prime factors of l?
19
Let u be -2*5*(-556)/10. Suppose -5*b + u = -94. What are the prime factors of 4/(-14) - b/(-14)?
3
Suppose -3*m + 3 = -3*x, 5*m - 2*x - 2 = 12. Suppose 2*q - 2*u - 26 = 0, 0*u + m*u = 3*q - 38. List the prime factors of q.
2, 7
Let z(t) = 3*t**2 - 3*t + 1. Suppose -4*k - i = -2*i - 3, 3*k = 3*i - 9. List the prime factors